32. Suppose -43*k + a*k = -10. Suppose k*l - 233 = 187. Calculate the highest common factor of l and 84.
42
Let o(z) = 4*z**2 + 178*z + 2340. Let h be o(-49). Calculate the highest common factor of 2864 and h.
358
Let i = -6398 + 6461. What is the highest common divisor of i and 639?
9
Suppose -5*w + j + 20 = -0*j, 0 = 3*w + 4*j + 11. Let c be 18 + 2/4 + w/2. What is the highest common divisor of c and 160?
20
Let f = 1713 - 1710. Let d = -6 - -12. What is the highest common divisor of d and f?
3
Suppose 26*m - 35261 = -5127. Calculate the highest common divisor of m and 133.
19
Let x be 93/6 - 2/(-4). Let w be (x - 1) + -3 + -2. Suppose 0 = w*p - 9*p - 172. What is the greatest common factor of 43 and p?
43
Suppose n + 2*r - 1347 = 0, 4101 = 3*n - 91*r + 87*r. Calculate the highest common divisor of 81 and n.
9
Let v be (-669 - -443)/(2/50*(-5)/2). Calculate the highest common factor of v and 110.
10
Let k(y) = 79*y - 40 - 4 - 14*y - y. Let m be k(1). What is the highest common factor of 140 and m?
20
Suppose -18*m - 4 = -19*m. Suppose z + m*o = 14 + 544, 0 = -5*o. What is the highest common divisor of 18 and z?
18
Let z(j) = -53*j + 2425. Let s be z(-25). What is the highest common divisor of 100 and s?
50
Let n(u) = 3*u. Let c(p) = -21*p + 50. Let h(y) = -c(y) - 4*n(y). Let d be h(10). Calculate the greatest common factor of d and 200.
40
Suppose 3*d - 6*z - 4929 = 0, -z + 2*z + 8170 = 5*d. Calculate the greatest common factor of d and 213.
71
Suppose 11371 = 93*n - 12437. Let a(d) = 4*d**2 - d + 2. Let j be a(2). Calculate the greatest common divisor of j and n.
16
Let r be 353/5 - 6/(-15). Let a be -4 - (-406)/105 - 344033/(-285). Calculate the greatest common factor of r and a.
71
Suppose -234303*g = -234299*g - 34524. Calculate the highest common divisor of g and 9.
9
Suppose 0*a + a - 5*g - 80 = 0, 5*g - 80 = -a. Let i = 67046 + -67036. What is the highest common divisor of i and a?
10
Let d be -2 + 0 + 0 - (-77 + 29). Suppose d = -100*j + 102*j. Calculate the greatest common factor of j and 69.
23
Suppose -21 = 3*d + 5*x + 4, -5*d = 3*x + 31. Let l be -26*1*(d + 10/4). Let g be 2/10 - 24/(-5). What is the greatest common divisor of l and g?
5
Suppose 0 = -4*u + 84 + 48. Suppose -909*s = -914*s - 3*h + 141, -5*s + 5*h = -205. Calculate the greatest common factor of s and u.
33
Suppose -4*r + i + 442 = 0, -2*i = 3*r + i - 324. Suppose 3*z = 3*s - 16 - 86, -3*s = z - r. Calculate the highest common factor of 18 and s.
18
Let t be 5*1 - (12 - 15). Let z be 92/115*10/4. Calculate the highest common divisor of t and z.
2
Suppose 43*c - 199 = 145. Calculate the greatest common divisor of 1936 and c.
8
Let l = -32 + 101. Let s = l + -69. Let j(m) = -m**3 - m**2 + 22. Let w be j(s). What is the highest common divisor of w and 55?
11
Let x(j) = -2*j + 15. Let d = 87 + -82. Let z be x(d). Suppose -3 = f, -3*r - 2*r = -3*f - 184. Calculate the greatest common factor of z and r.
5
Suppose 0 = -l + 3*a + 17 + 4, 12 = 2*l + 4*a. Calculate the greatest common factor of 1524 and l.
12
Suppose -8*w + 2255 + 4009 = 0. Suppose -4*m = -3*u - w, 4*u = -13*m + 8*m + 971. Calculate the greatest common factor of m and 15.
15
Let q = -16155 - -31455. What is the greatest common divisor of 150 and q?
150
Suppose s - 26 = -5*l + 14, -34 = -s + l. Let p = s + -32. Calculate the greatest common divisor of 3 and p.
3
Let u be (3 + -17 + 0)*(0 + -2). Suppose -b = 3*k - 113, -3*b - 4*k + 90 = -224. What is the greatest common divisor of u and b?
14
Let q(g) be the first derivative of 12*g**3 + 2*g**2 + 66. Let r be q(-2). What is the greatest common divisor of 8 and r?
8
Suppose -3*q + 0*q - 11 = -2*x, -3*q = -x + 7. Suppose t = 9 - 1. Suppose 0 = 4*k + 2*u - 3*u - t, x = -4*k - 2*u. What is the highest common factor of k and 7?
1
Let i be 11 - (-5 - (225/(-50))/((-1)/(-2))). Let n be (-2 + 3/(-9))*-3. What is the highest common divisor of i and n?
7
Let x = 730 + -400. Let b = 612 - x. Calculate the greatest common divisor of 6 and b.
6
Suppose -6*s = 30*s - 108. Suppose -s*x = -4*u - 386, 2*u - 3*u = -5*x + 649. What is the greatest common divisor of x and 52?
26
Let u = -33 + 35. Let h = -4 + 8. Suppose l = 5*p - 162 - 155, 0 = -u*l - h. Calculate the highest common divisor of 9 and p.
9
Let o = 1091 + -764. Let r = 2106 + -1561. What is the highest common factor of r and o?
109
Suppose 55*t = 5*w + 60*t - 23575, -t = -5*w + 23533. Calculate the highest common factor of 535 and w.
107
Let w(k) = -k**2 + 9 - 56*k + 17*k - 75 - k**2. Let g be w(-15). What is the highest common factor of g and 3?
3
Let b = 454 - 449. Suppose -3*l + 2*m + 626 = 2*l, 0 = b*l + 3*m - 636. Calculate the highest common factor of l and 2.
2
Suppose 13*m = 12*m. Suppose -2*x + 10 - 2 = m. Suppose -4*y + x = -4*v, -y - 2 + 9 = 2*v. Calculate the highest common factor of y and 3.
3
Suppose -3*k - 5*u = -445, -105*k - 10*u + 440 = -102*k. Let d be (19/4 + -1)*24. What is the greatest common factor of k and d?
30
Let w(s) = s**2 + 21*s - 362. Let c be w(-39). Calculate the greatest common factor of c and 221.
17
Suppose 4*a - 3*k - 43 = 0, -3*a + 6*a = k + 36. Suppose -5*c + 718 = -404*v + 403*v, 0 = -5*v - 15. Calculate the greatest common factor of c and a.
13
Let b = 143 - 90. Suppose 7*j + b + 52 = 0. Let p be (-28)/10 + 3 + (-117)/j. Calculate the highest common divisor of 40 and p.
8
Let d(x) = x**2 - 17*x + 60. Let s be d(4). Let g be 4 + (-164)/s*-2. Calculate the greatest common divisor of g and 6.
3
Let r = 88 + -57. Suppose 15*z + r = 16*z. Suppose z*v = 33*v - 44. What is the highest common divisor of 242 and v?
22
Let u be 49 - (-1*1)/(-17 + 16). Let j be u - 41 - (0 + -21). Calculate the highest common divisor of 49 and j.
7
Let t = 35 - 33. Suppose 2*i + 0*i = -4*q + 248, 256 = 4*q - t*i. Calculate the greatest common divisor of 693 and q.
63
Suppose 0 = -5*g - g + 30. Suppose g*m - 78 = -m. Suppose -46*c = -43*c - 312. What is the highest common factor of m and c?
13
Let f be 0/(-2*(-4)/(-8)). Suppose f = 6*j - 7*j - 150. Let b = 280 + j. What is the greatest common factor of b and 52?
26
Suppose -27*u + 696 = -58 - 407. Calculate the greatest common divisor of 1978 and u.
43
Suppose 0 = -20*r + 2*r + 126. Let b = 9 - 4. Let v = r + b. Calculate the greatest common divisor of v and 12.
12
Let z(l) = -l**2 - 10*l - 10. Let s be z(-1). Let a be (2*(-2)/(-20) - s)*30. What is the greatest common divisor of a and 72?
36
Let h be (-12)/8*(-1914)/(-77)*-7. Calculate the highest common factor of h and 117.
9
Suppose 267*x - 406 = -139. Calculate the greatest common factor of x and 1794.
1
Suppose -5*k + 35824 = 5*z + 1994, 6761 = k + 2*z. What is the highest common divisor of k and 915?
183
Let u be 0*(-3 + 30/12). Suppose 3*c = f - 66, f = -u*f + 4*c + 64. Calculate the highest common divisor of f and 24.
24
Let q = 2291 - 1461. What is the greatest common factor of q and 1494?
166
Let q = -10 - -14. Suppose 0 = q*t - 2*t - 60. Suppose z - 150 = -5*g, -8*z = -g - 5*z + t. What is the highest common divisor of 10 and g?
10
Suppose -x = 2*l - 55, -3*l = -6*l - l. Calculate the greatest common factor of 1408 and x.
11
Let o = 301 - 291. Let b(k) = 20*k + 3. Let q be b(o). Let w = 18 - -11. What is the highest common divisor of q and w?
29
Suppose 14*j = -0*j + 2212. Suppose -4*r = 5*y - 6*r - j, -4*y - 2*r + 112 = 0. What is the highest common factor of y and 255?
15
Suppose y = -t + 265, 1250 = -2*y + 1248. Calculate the highest common factor of t and 322.
14
Suppose -8814*f = -8807*f - 70. Calculate the greatest common divisor of f and 769.
1
Let k(p) = p**3 - 6*p**2 - 24*p + 35. Let c be k(10). What is the greatest common factor of c and 375?
15
Let o(m) = 589*m - 3384. Let n be o(6). Calculate the highest common divisor of 105 and n.
15
Suppose -4*l + 5*s + 4220 = 0, -18*s = -l - 30*s + 1002. Calculate the greatest common divisor of l and 200.
50
Let w(l) = 349*l + 5618. Let y be w(-16). What is the highest common divisor of 7191 and y?
17
Let d = -122 - 204. Let i = d + 341. What is the highest common factor of i and 135?
15
Let g be 94/(-3) + 32/24. Let x = g - -32. Suppose -3*w = x*q - 45, -3*q - w - 97 = -7*q. Calculate the highest common divisor of q and 16.
8
Suppose 5*b =